1 and b.
17
Let h = 69 - 67. Suppose h*u = u - 9*u. Suppose u = j - 0*j - 11. Calculate the highest common divisor of 22 and j.
11
Let k(b) = -564*b - 564*b + 178 + 1127*b. Let g be k(24). What is the greatest common factor of 14 and g?
14
Suppose -4 = 2*c, -o + 5*o = c + 58. Calculate the greatest common divisor of o and 1253.
7
Let h(l) = -2*l + 25. Let s be h(10). Suppose 3*b = -3*u + 237, 3*b - 18 = -s*u + 387. Calculate the greatest common divisor of 108 and u.
12
Suppose 0 = 5*p - 3*n - 3978, 1621 = 4*p + 2*n - 1579. Let v = p - 258. Calculate the greatest common divisor of 20 and v.
20
Let c be (36/18)/((-8)/(-252)). Calculate the greatest common divisor of 1281 and c.
21
Suppose -2*v + 7*v - 2*g - 93 = 0, 2*v = -5*g + 14. Let n = -10 + 724. Calculate the greatest common divisor of v and n.
17
Suppose c = -19*m + 15*m + 2161, 3*c - 543 = -m. What is the greatest common factor of m and 120?
60
Suppose -4*f - 4660 = -4*s - 3*f, -3*f = -s + 1165. Suppose -83 = -6*b + s. What is the greatest common divisor of 260 and b?
52
Let n be (-60)/(-14) - 1084100/(-10255). Suppose 0*b = b + 50. Let h = -6 - b. Calculate the highest common factor of n and h.
22
Let o(b) = 2*b**3 - 30*b**2 - 34*b + 173. Let l be o(19). What is the highest common factor of 161 and l?
161
Let t be 0/(5 + (-3 - 3)). Let z be t - ((-99)/22 - 1/(-2)). Let r(m) = m**2 + 2*m + 12. Let g be r(-6). What is the highest common divisor of z and g?
4
Let z(v) = -v**3 + 3*v**2 - 1. Let a be z(1). Let c(g) = -2*g**2 + 157*g + 2676. Let d be c(-14). What is the greatest common factor of d and a?
1
Let v = 28 + -11. Suppose 2*p - 5*p - 6 = -2*w, -w = 5*p + 23. Let j be -1*(p - 3/((-12)/(-52))). Calculate the greatest common divisor of v and j.
17
Let a(i) = 6*i - 2*i + 0*i**2 + 2*i**2. Let c be a(4). Let f be 116 + 210/51 + ((-243)/(-102) - 20/8). What is the highest common factor of f and c?
24
Suppose 2*m = -184*f + 179*f + 15746, -5*f - 5*m = -15740. Calculate the highest common factor of f and 1125.
225
Let s be -4 - 0 - ((-15032)/20 + 4/(-10)). Calculate the highest common divisor of s and 935.
187
Suppose 0 = 5*f + n + 216, -68 = 9*f - 7*f + 5*n. Let g be ((-60)/55)/(8/f). Let t be (-18)/5*(-10)/2. What is the highest common divisor of t and g?
6
Suppose z - 2*v + 15 + 102 = 0, 0 = 5*v + 15. Let t = 267 + -380. Let p = t - z. Calculate the greatest common divisor of p and 20.
10
Suppose 30*c - 21 = 23*c. Suppose -c*o + 24 = -156. Calculate the greatest common divisor of 3 and o.
3
Let z(a) = 19*a**2 + 7 - 31*a**2 + 26*a**2. Let o be z(5). Suppose b + l - 45 - 44 = 0, -3*l = 4*b - o. What is the highest common factor of b and 10?
10
Suppose 25 = r + 4*r. Suppose -2915 + 555 = -r*s. Suppose 2*b = -5*l - 0*b + 593, 4*l - s = -b. Calculate the greatest common divisor of 13 and l.
13
Suppose -2*c = 24 - 56. Let t(v) = -56*v + c + 38*v - 3*v**2 - v**2 + 3*v**2. Let o be t(-17). What is the highest common factor of 11 and o?
11
Suppose 2*l - 27 = l. Let g(j) = -61*j - 299. Let i be g(-5). Let k be -14*(-4)/i - l/81. What is the greatest common factor of k and 1?
1
Let s = 10557 - 10515. What is the greatest common divisor of 237 and s?
3
Suppose -4*c + 420 = 3*c. Let w = c + -65. Let z = w - -11. Calculate the highest common divisor of z and 42.
6
Let z = 34 + 6. Let c = -98 + 146. What is the highest common factor of c and z?
8
Suppose -247 = -6*s - 1087. Let h = -55 - s. Calculate the highest common divisor of 34 and h.
17
Suppose -10 = -3*f - 4*h, -2*h + 0*h = -3*f + 22. Let x be (15 - 14)/(2/8). Calculate the highest common divisor of x and f.
2
Let y be ((-200)/(-80))/((-1)/2) - -1019*1. What is the greatest common factor of 2574 and y?
78
Suppose -5*p - 2*j + 205 = -495, 0 = -2*p + j + 280. What is the greatest common divisor of 1740 and p?
20
Let j be (-4*(-2)/(-8))/(1/(-14)). Let q = j - -26. Let v be (-8)/36 + q/18. Calculate the greatest common factor of v and 6.
2
Let a(i) = 4*i**2 - 18*i + 38. Let j(y) = -7*y**2 + 34*y - 76. Let l(o) = -5*a(o) - 3*j(o). Let m be l(9). What is the greatest common divisor of 121 and m?
11
Let i = 4215 - 3745. What is the greatest common divisor of i and 60?
10
Let j be (-4714)/(-10) + 8/(-20) - 154/77. What is the highest common divisor of 140 and j?
7
Suppose -32*u + 64*u + 9*u = 540749. Calculate the greatest common divisor of u and 109.
109
Suppose -4340 = -5*b + 3*f, -4365 = -6*b + b - 2*f. Calculate the greatest common factor of 134 and b.
67
Let q be -6 + 3 + 4/((-16)/(-12)). Suppose -7*u + 34 + 155 = q. Calculate the greatest common divisor of u and 27.
27
Suppose 55*s - 3888 = 51*s. What is the highest common divisor of 24 and s?
12
Let z = -208 + 246. Let j(t) = -3*t + 2*t**2 - t - 2 + 2 - t**3. Let a be j(-3). Calculate the highest common divisor of a and z.
19
Let d = 264 + 760. Calculate the highest common factor of 160 and d.
32
Let w = 233 + -218. Suppose 0 = -3*q + q, 3*q + 149 = o. Let h = -89 + o. Calculate the highest common divisor of w and h.
15
Let a be (-9)/3 - (-165 - 6). Suppose l + 0*l - 86 = 3*j, 5*j = 2*l - a. What is the greatest common factor of 185 and l?
37
Suppose 2*k - 3*s - 1582 = -0*k, 3*s + 797 = k. Let p = k - 485. Calculate the highest common divisor of 60 and p.
60
Suppose 157*g = 156*g + 12. Suppose 55 = 2*d - 113. What is the highest common divisor of d and g?
12
Let j be (-7 - (-6)/6) + 4. Let t(f) = 72*f**2 - 18*f - 40. Let z be t(j). Calculate the greatest common divisor of z and 4.
4
Let f(l) = -l**3 - 8*l**2 + 53*l - 1. Let w be f(4). Calculate the highest common divisor of w and 513.
19
Suppose 159 = 4*v + 3*x, -57 = -v + x - 26. Calculate the highest common factor of 72 and v.
36
Let n(f) = -2034*f**3 + 9*f**2 - 11*f - 40. Let z be n(-2). What is the highest common factor of z and 724?
362
Let l(o) = 2*o**2 - o. Let x be l(-1). Suppose 5*w - 27 + 209 = 3*a, 0 = 4*a - x*w - 239. Let y = 64 - a. What is the greatest common factor of 5 and y?
5
Suppose 17*d - 78780 = -16*d + 28404. Calculate the highest common factor of 112 and d.
112
Let w be (-398820)/(-480) - 18/(-16). Calculate the highest common factor of 96 and w.
32
Suppose -429 + 1891 = 3*r - 5*k, -1992 = -4*r - 4*k. Calculate the greatest common factor of r and 299.
13
Let u be 2/4*3*-6*126742/(-99). Calculate the highest common divisor of u and 14.
14
Suppose f = b - 202, 2*f + 0*f - b + 408 = 0. Let o = f - -110. Let i = o + 101. Calculate the greatest common divisor of i and 45.
5
Suppose -80 - 100 = -5*x. Suppose 57*c + 73*c = 152*c - 1188. What is the highest common divisor of c and x?
18
Suppose 189*i - 187*i + 256 = 0. Let b = -51 - i. Calculate the greatest common divisor of 22 and b.
11
Suppose 135*p + 245194 = 2156008 + 3627696. What is the greatest common divisor of 146 and p?
146
Let v(c) be the first derivative of -c**2/2 + 44*c + 49. Let r be v(-25). Suppose r = -m + 189. Calculate the highest common divisor of 30 and m.
30
Let r = 118 - 75. Suppose 0 = 4*p - h + 4, 4 - 16 = 3*p - 3*h. Suppose 2*d + 4*w = 3*w + r, p = d + 5*w + 1. What is the greatest common factor of 8 and d?
8
Suppose 485*c - 1098485 = -286595. Calculate the greatest common factor of c and 351.
27
Let q = 596 + -528. Calculate the highest common factor of 153 and q.
17
Let t = 275 - 270. Suppose 4*j = 4*i + 844, -2*i + t*i = 4*j - 841. Calculate the greatest common divisor of 26 and j.
26
Suppose 47*g + 12*g - 1222 = -35*g. Suppose -1013 + 5108 = 5*n. What is the highest common divisor of n and g?
13
Suppose -2*q + 4*v = 3*q - 54, -3*q = 2*v - 28. Let y(l) = 2*l - 5*l - q*l - 2*l - 42. Let n be y(-14). What is the greatest common factor of 24 and n?
24
Suppose -508*c - 35*c - 3068 = -9041. Let x(r) = 8*r**2 + 4*r + 7. Let a be x(-5). Calculate the highest common factor of c and a.
11
Let w be (101/1)/((-126)/(-1134)). Calculate the greatest common divisor of 505 and w.
101
Suppose 28 = -0*i - 4*i. Let d = i - -9. Suppose -u + 21 = 5*r, r = -2*u - d*u + 179. Calculate the greatest common factor of 23 and u.
23
Let n be (-1140)/(-38)*(-9)/(-30). Calculate the highest common factor of 1569 and n.
3
Suppose -22*z + 1500 - 240 = -4*z. What is the greatest common divisor of 4648 and z?
14
Let g(s) = 12*s - 34. Let i be g(3). Let h(d) = -1 - 2*d + 2*d + 3*d. L